Calculate the remainder when 8 is divided by r.
0
Suppose -35*p + 350 = -28*p. What is the remainder when 284 is divided by p?
34
Suppose 0 = -4*i - 13 + 41. Let v(h) = h**3 + 4*h**2 - 3*h. What is the remainder when v(-4) is divided by i?
5
Let h = 3 + 5. What is the remainder when -88*(9 + 37/(-4)) is divided by h?
6
Let h be 1 + -1 - -23*9. Suppose -11*c = -14*c + h. Calculate the remainder when c is divided by 18.
15
Suppose 4*g - 4*v = 336, 38 = g - 5*v - 26. Suppose 0 = i - 3*n - g, 3*i - 223 = -0*i - 2*n. What is the remainder when i is divided by 27?
23
Let c(r) = -r**3 - 32*r**2 - 4*r - 119. What is the remainder when 215 is divided by c(-32)?
8
What is the remainder when 260 is divided by (-2)/4*106/(-1)?
48
Let t = 38 - -271. Calculate the remainder when t is divided by 38.
5
Suppose 4*z - 1877 = -5*b, 5*b - 1895 = -0*z + 5*z. What is the remainder when (-1)/(-3) - (-341)/3 is divided by (b/(-26))/(2/(-4))?
27
Let s(o) = 2*o**2 + 4*o + 2. Let l be (-12)/(-8) + (-1)/(-2). Suppose 0 = l*q - 6 - 8. What is the remainder when q is divided by s(-2)?
1
Let y(c) = -c**2 + 24. Let k be y(10). Let u = 118 + k. What is the remainder when u is divided by 11?
9
Let p(a) = -a**3 - 19*a**2 - 90*a - 5. What is the remainder when 129 is divided by p(-11)?
10
Suppose 99 = -4*z + 27. Let y be ((-31)/3)/((24/18)/(-4)). Let g = z + y. Calculate the remainder when g is divided by 7.
6
Let f = -271 - -466. What is the remainder when f is divided by 89?
17
Suppose -5*g + 10 = 2*n, -1 + 3 = g + 3*n. Let v be -1*g + 8/1. What is the remainder when 35 is divided by ((-12)/8)/((-1)/v)?
8
Suppose 0 = 3*a - 15, r + 2*r - 2*a + 4 = 0. Let j(z) = 3*z**2 + 4*z - 10. What is the remainder when 28 is divided by j(r)?
8
Let o = 68 + -64. Suppose -2*w + 381 = 5*q - 46, 881 = o*w + q. Calculate the remainder when w is divided by 32.
29
Let d be ((-13)/(-2))/((-9)/(-90)). Suppose -b + 19 = 3*m, -29 = -4*b - 3*m + d. Calculate the remainder when (35/b)/(2/10) is divided by 5.
2
Let a(b) = -b**2 + 5*b - 3. Let n = 60 - 51. What is the remainder when n is divided by a(2)?
0
Let w(c) = 5*c + 43. Let r be w(-6). Suppose 0*y + 5*y = 355. Let d = y - r. What is the remainder when d is divided by 10?
8
Suppose h + z = -2*h + 10, 3*z - 16 = -2*h. Let y(p) = -3*p**2 + 0 + 4*p**h + 1 + p. Calculate the remainder when y(-3) is divided by 5.
2
Let q be 12/(-54) + (2 - (-75)/(-27)). What is the remainder when 32 is divided by 5*q/2*-10?
7
Let b be 4/10 + (-364)/(-65). Let n(r) = r**3 - 5*r**2 - 6*r + 7. Let f = -34 - -59. Calculate the remainder when f is divided by n(b).
4
Let x = -32 + 92. Calculate the remainder when x is divided by 16.
12
Suppose -4*y + 267 = -5. Calculate the remainder when 265 is divided by y.
61
Let o be (1 - 1) + -1 + -4. Let d(b) = -b**3 - 4*b**2 + 4*b - 1. What is the remainder when 17 is divided by d(o)?
1
Suppose 0 = -25*s + 184 + 1591. What is the remainder when 220 is divided by s?
7
Let v = -19 - -25. Suppose 17 = j - v. Calculate the remainder when 90 is divided by j.
21
Let a(u) = u**3 - 14*u**2 - 28*u - 39. What is the remainder when a(16) is divided by 11?
3
Suppose 8*n - 9*n - 200 = -5*o, 2*n = -4*o + 146. What is the remainder when o is divided by 24?
15
Suppose -2*d + 5*s + 706 = 10*s, -d = 3*s - 354. What is the remainder when d is divided by 16?
12
What is the remainder when 309 is divided by (-3710)/(-315) - 2/(-9)?
9
Suppose q + 10 = 23. Let v(y) = -y**3 + 2*y**2 - 5*y + 37. Calculate the remainder when v(0) is divided by q.
11
Let x(d) = -d**3 - 3*d**2 + 8*d + 6. What is the remainder when (((-2736)/(-90))/19)/(-1 + (-62)/(-60)) is divided by x(-5)?
0
Suppose -106*l + 104*l = -6. Calculate the remainder when 46 is divided by l.
1
Let h = -4 + -4. Let n be (h/(-16))/((-2)/(-72)). Let x = 28 - n. Calculate the remainder when x is divided by 6.
4
Suppose o - f - 78 = 0, -2*f + 383 = 8*o - 3*o. What is the remainder when o is divided by 26?
25
Let u be 1/(-2)*-4 + -17. Let k(v) = -v**3 - 16*v**2 - 24*v + 26. What is the remainder when k(u) is divided by 27?
26
Let m = 241 + -223. Calculate the remainder when 34 is divided by m.
16
Let j be 3*3/9*55. Suppose -46 = -t + j. Calculate the remainder when t is divided by 34.
33
Let y = 39 + 45. Let c = y - 48. Calculate the remainder when c is divided by 10.
6
Calculate the remainder when 803 is divided by 781/(-66) + 11 - (-573)/18.
28
Let m(x) = 10*x + 21. Suppose 61 = 3*p + 40. Calculate the remainder when m(p) is divided by 19.
15
Suppose -4 = -3*s - 10, -3*g + 2*s = -289. Suppose -5*d - g = -265. What is the remainder when 133 is divided by d?
31
Let q be -138 - 0*(2 - 1). Suppose -2*p = 3*p + 2*d - 1075, 5*d = -5*p + 1090. Let c = p + q. What is the remainder when c is divided by 19?
18
Suppose -941*i + 128 = -909*i. Calculate the remainder when 1/(1/7) - 1 is divided by i.
2
Suppose l = -3*q + 4 - 0, 0 = 4*q - 4*l. Calculate the remainder when q + (2 - 4) - -96 is divided by 24.
23
Let q be (-5680)/(-8) + (4 - 0). Suppose 0*k - 7*k = -q. What is the remainder when k is divided by 21?
18
Suppose -6 = 3*a, -7*a + 2*a + 35 = 5*c. Let p(d) = 2*d + 10. Let b be p(-5). Suppose -6 = -b*n - 2*n. Calculate the remainder when c is divided by n.
0
Let f(b) = -b**2 + 11*b - 9. Suppose 3*m - 25 = -2*t, 0 = -t + 3*t + 2. Let w be f(m). Let v = 22 + w. What is the remainder when v is divided by 16?
15
Suppose 3960 = 419*q - 230. Let g = 0 - 4. What is the remainder when g/6*114/(-4) is divided by q?
9
Let p be (24 - -500)*(2/(-4) - -1). Suppose -a + p = 4*l - l, 3*a - 163 = -2*l. Calculate the remainder when l is divided by 30.
29
Let x = -42 + 65. Suppose -46 - 14 = -12*s. Calculate the remainder when x is divided by s.
3
Let y = 2 + 87. Let p = -156 + 179. What is the remainder when y is divided by p?
20
Let i = -62 + 56. Let y(w) = w**3 + 9*w**2 + 11*w + 4. Calculate the remainder when y(i) is divided by 12.
10
Suppose -2*s = 8, -3*s = -r - 8*s - 110. Let c = -85 - r. What is the remainder when c is divided by 2?
1
Suppose 0 = 2*u + 3*q - q - 58, -119 = -4*u - 5*q. Calculate the remainder when 94 is divided by u.
16
Let o = 1310 - 1270. Calculate the remainder when 557 is divided by o.
37
Let v(m) = 3*m**2 + 25*m + 13. Let p(g) = 2*g**2 + 13*g + 7. Let a(f) = 5*p(f) - 3*v(f). Calculate the remainder when 13 is divided by a(11).
6
Let w(c) = -2*c**2 - 86*c - 108. What is the remainder when 244 is divided by w(-41)?
20
Let x be (-5)/(10/(-4))*5. Calculate the remainder when (x/(-25))/(3/(-555)) is divided by 38.
36
Suppose -5*q - 4*w = -82, 4*w + 58 = 3*q + 2*w. Suppose -l + q = 6. Calculate the remainder when 21 is divided by l.
9
Suppose 0 = -2*r + 10, 3*f + 4*r = 6 - 10. What is the remainder when f/4 + 152/4 is divided by 13?
10
Let d(j) = 49*j**3 - 2*j**2 + 2*j - 1. Let v = -25 - -35. Calculate the remainder when d(1) is divided by v.
8
Suppose 0 = -3*d - 2*s + 100, 0 = -4*d + 2*d + 2*s + 70. Let b = -50 + 59. Calculate the remainder when d is divided by b.
7
Let r(c) = -c**3 + 8*c**2 + 6*c. What is the remainder when r(7) is divided by 42?
7
Let r(q) = q**3 + 17*q**2 - 5*q + 22. Let g(n) = -n - 23. Let i be g(-6). Calculate the remainder when r(i) is divided by 55.
52
Let p(t) = 6*t**2 - 19*t**3 - 3 + 13*t**3 + 19*t + 5*t**3. Calculate the remainder when p(8) is divided by 8.
5
Let x(g) = -10*g - 5. Let k be x(-4). Let d = 76 + -74. Suppose 3 = -d*n + k. Calculate the remainder when 45 is divided by n.
13
Suppose -76*a = 3*a - 18565. What is the remainder when a is divided by 13?
1
Suppose -132 = -6*q + 222. What is the remainder when q is divided by 15?
14
Let o(l) = l**3 + 5*l**2 + 6*l + 1. Let p be o(-5). Let q = p - -20. Calculate the remainder when 1*48/q*-9 is divided by 10.
8
Suppose -14 = -18*q + 922. Calculate the remainder when 411 is divided by q.
47
Suppose 78 - 8 = k. Let n = -65 - -83. Calculate the remainder when k is divided by n.
16
Suppose 3*k = 2*c - 104, -7*k + 8 = -3*k. Suppose -3*h + 7*h - 28 = 0. What is the remainder when c is divided by h?
6
Let i = -22 + 28. Suppose -11 = i*q - 41. Suppose q*v + s = -2 + 49, v + 4*s = -2. Calculate the remainder when v is divided by 4.
2
Let r = -1758 + 1788. Calculate the remainder when 46 is divided by r.
16
Let k(p) = 6*p**2 + 10*p - 